{"id":7,"date":"2026-04-12T11:19:26","date_gmt":"2026-04-12T09:19:26","guid":{"rendered":"https:\/\/fahrialemcami.com\/?page_id=7"},"modified":"2026-04-12T11:19:26","modified_gmt":"2026-04-12T09:19:26","slug":"ana-sayfa","status":"publish","type":"page","link":"https:\/\/fahrialemcami.com\/","title":{"rendered":"Ana Sayfa"},"content":{"rendered":"\n<p>Sarayc\u0131k i\u00e7in Fahr-i Alem Camii ve k\u00fclliyesi in\u015faat\u0131n\u0131 birlikte y\u00fckseltiyoruz. <strong>30.000 G\u00f6n\u00fcl, Bir K\u00fclliye<\/strong> kampanyas\u0131yla her hisse 500 \u20ba; hedef 30.000 hisse ve 15 milyon T\u00fcrk liras\u0131.<\/p>\n\n\n\t<div class=\"fahr-gonul-panel\" data-rest-url=\"https:\/\/fahrialemcami.com\/index.php\/wp-json\/fahr-kulliye\/v1\/stats\" data-give-form-id=\"1\">\n\t\t<section class=\"fahr-hero fahr-hero--shaha\" aria-labelledby=\"fahr-hero-title\">\n\t\t\t<div class=\"fahr-hero__inner\">\n\t\t\t\t<h1 id=\"fahr-hero-title\" class=\"fahr-hero__title\">30.000 G\u00f6n\u00fcl, Bir K\u00fclliye \u2014 Allah r\u0131zas\u0131 i\u00e7in<\/h1>\n\n\t\t\t\t<div class=\"fahr-progress-wrap\">\n\t\t\t\t\t<div class=\"fahr-progress-bar\" role=\"progressbar\" aria-valuemin=\"0\" aria-valuemax=\"100\" aria-valuenow=\"0.01\" id=\"fahr-js-bar-wrap\" aria-label=\"Hay\u0131r ve hisse ilerlemesi\">\n\t\t\t\t\t\t<div class=\"fahr-progress-bar__track\">\n\t\t\t\t\t\t\t<div class=\"fahr-progress-bar__fill\" id=\"fahr-js-bar\" style=\"width: 0.01%;\"><\/div>\n\t\t\t\t\t\t\t<span class=\"fahr-progress-bar__glow\" aria-hidden=\"true\"><\/span>\n\t\t\t\t\t\t<\/div>\n\t\t\t\t\t<\/div>\n\t\t\t\t\t<p class=\"fahr-progress-caption\" id=\"fahr-js-caption\">\n\t\t\t\t\t\tElhamd\u00fclillah toplanan: \t\t\t\t\t\t<strong id=\"fahr-js-shares\">2<\/strong>\n\t\t\t\t\t\t hisse \u2014 gaye (in\u015fallah): \t\t\t\t\t\t<strong id=\"fahr-js-target-shares\">30.000<\/strong>\n\t\t\t\t\t\t hisse\t\t\t\t\t<\/p>\n\t\t\t\t<\/div>\n\t\t\t<\/div>\n\t\t<\/section>\n\n\t\t\t\t<div class=\"fahr-feed\" aria-label=\"Hay\u0131rda bulunan karde\u015flerimiz\">\n\t\t\t<div class=\"fahr-feed__head\">Hay\u0131rsever karde\u015flerimiz \u2014 Allah kabul ve ihsan etsin<\/div>\n\t\t\t<div class=\"fahr-feed__track\">\n\t\t\t\t<div class=\"fahr-feed__marquee\" id=\"fahr-js-feed\">\n\t\t\t\t\t<div class=\"fahr-feed__item\">Hay\u0131rda \u00f6nc\u00fc olacak karde\u015flerimizi bekliyoruz; Rabbimiz, niyetinizi hayra m\u00e2m\u00fbr ve m\u00fcb\u00e2rek eylesin.<\/div>\t\t\t\t<\/div>\n\t\t\t<\/div>\n\t\t<\/div>\n\t\t\t<\/div>\n\t\n\n","protected":false},"excerpt":{"rendered":"<p>Sarayc\u0131k Fahr-i Alem Camii k\u00fclliyesi: 30.000 g\u00f6n\u00fcl hisse kampanyas\u0131 ve ba\u011f\u0131\u015f.<\/p>\n","protected":false},"author":1,"featured_media":0,"parent":0,"menu_order":0,"comment_status":"closed","ping_status":"closed","template":"","meta":{"give_campaign_id":0,"site-sidebar-layout":"default","site-content-layout":"","ast-site-content-layout":"default","site-content-style":"default","site-sidebar-style":"default","ast-global-header-display":"","ast-banner-title-visibility":"","ast-main-header-display":"","ast-hfb-above-header-display":"","ast-hfb-below-header-display":"","ast-hfb-mobile-header-display":"","site-post-title":"","ast-breadcrumbs-content":"","ast-featured-img":"","footer-sml-layout":"","ast-disable-related-posts":"","theme-transparent-header-meta":"","adv-header-id-meta":"","stick-header-meta":"","header-above-stick-meta":"","header-main-stick-meta":"","header-below-stick-meta":"","astra-migrate-meta-layouts":"default","ast-page-background-enabled":"default","ast-page-background-meta":{"desktop":{"background-color":"var(--ast-global-color-5)","background-image":"","background-repeat":"repeat","background-position":"center center","background-size":"auto","background-attachment":"scroll","background-type":"","background-media":"","overlay-type":"","overlay-color":"","overlay-opacity":"","overlay-gradient":""},"tablet":{"background-color":"","background-image":"","background-repeat":"repeat","background-position":"center center","background-size":"auto","background-attachment":"scroll","background-type":"","background-media":"","overlay-type":"","overlay-color":"","overlay-opacity":"","overlay-gradient":""},"mobile":{"background-color":"","background-image":"","background-repeat":"repeat","background-position":"center center","background-size":"auto","background-attachment":"scroll","background-type":"","background-media":"","overlay-type":"","overlay-color":"","overlay-opacity":"","overlay-gradient":""}},"ast-content-background-meta":{"desktop":{"background-color":"var(--ast-global-color-4)","background-image":"","background-repeat":"repeat","background-position":"center center","background-size":"auto","background-attachment":"scroll","background-type":"","background-media":"","overlay-type":"","overlay-color":"","overlay-opacity":"","overlay-gradient":""},"tablet":{"background-color":"var(--ast-global-color-4)","background-image":"","background-repeat":"repeat","background-position":"center center","background-size":"auto","background-attachment":"scroll","background-type":"","background-media":"","overlay-type":"","overlay-color":"","overlay-opacity":"","overlay-gradient":""},"mobile":{"background-color":"var(--ast-global-color-4)","background-image":"","background-repeat":"repeat","background-position":"center center","background-size":"auto","background-attachment":"scroll","background-type":"","background-media":"","overlay-type":"","overlay-color":"","overlay-opacity":"","overlay-gradient":""}},"footnotes":""},"class_list":["post-7","page","type-page","status-publish","hentry"],"campaignId":"","_links":{"self":[{"href":"https:\/\/fahrialemcami.com\/index.php\/wp-json\/wp\/v2\/pages\/7","targetHints":{"allow":["GET"]}}],"collection":[{"href":"https:\/\/fahrialemcami.com\/index.php\/wp-json\/wp\/v2\/pages"}],"about":[{"href":"https:\/\/fahrialemcami.com\/index.php\/wp-json\/wp\/v2\/types\/page"}],"author":[{"embeddable":true,"href":"https:\/\/fahrialemcami.com\/index.php\/wp-json\/wp\/v2\/users\/1"}],"replies":[{"embeddable":true,"href":"https:\/\/fahrialemcami.com\/index.php\/wp-json\/wp\/v2\/comments?post=7"}],"version-history":[{"count":0,"href":"https:\/\/fahrialemcami.com\/index.php\/wp-json\/wp\/v2\/pages\/7\/revisions"}],"wp:attachment":[{"href":"https:\/\/fahrialemcami.com\/index.php\/wp-json\/wp\/v2\/media?parent=7"}],"curies":[{"name":"wp","href":"https:\/\/api.w.org\/{rel}","templated":true}]}}